c(z) = -6*b(z) + 51*f(z). Calculate c(4).
39
Let q(l) be the third derivative of l**4/24 + 5*l**3/6 + 371*l**2. Give q(7).
12
Let m be 1/(3/18) - 0. Let t be -1*(-2)/(-6)*m. Let k(g) = -g**2 - 5*g - 3. Determine k(t).
3
Let k(f) = -f**3 - f**2 - f - 4. Let w(l) = -3*l - 10. Let o be w(-4). Suppose -2*b + 6 = -m, b = m + 1 + 2. Suppose o*u = -m*u. Calculate k(u).
-4
Let t(p) = 15*p - 104. Let h = 957 + -950. What is t(h)?
1
Let w(i) = i**3 + 2*i**2 - 3. Let g(k) = 4*k**3 - 7*k - 7. Let z(h) = 5*h**3 + h**2 - 8*h - 7. Let l(v) = -6*g(v) + 5*z(v). Let s be l(-5). Give w(s).
-12
Suppose 2*u = -0*u. Let h(o) be the first derivative of 2 - 5*o + u*o**2 + o - 4*o**2 + 3*o**2. Calculate h(-5).
6
Let b be 78/9 + (-15)/9. Let p(m) = 3*m**2 + 3*m + 4. Let c(g) = -5*g**2 - 7*g - 7. Let k(o) = b*p(o) + 4*c(o). Determine k(7).
0
Suppose 7*h - 27 = -2*h. Let f(v) = v + 0*v**h + v + 1 + 0*v**3 - 9*v**3. Determine f(-1).
8
Let k(w) = -w**2 - 2*w + 2. Let f(s) = -2*s**2 - s + 3. Let c(g) = -f(g) + 3*k(g). Suppose 0 = -0*y - 4*y - 24. What is c(y)?
-3
Let b(k) = k**3 + 4*k**2 - 5*k - 3. Suppose 5*l = -5*l - 510. Let u = 46 + l. Calculate b(u).
-3
Let q be 58/18 + 4/(-18). Let j(l) be the third derivative of -7*l**4/24 + l**3/2 - 51*l**2. Give j(q).
-18
Let u(z) = z**3 - 4*z**2 + 3*z - 5. Let r(d) = -d**3 + 2*d**2 - d + 5. Let b(i) = -4*r(i) - 3*u(i). Calculate b(-5).
-5
Let w(f) = -2*f**3 - 15*f**2 - 5*f + 14. Let r be w(-7). Let l(y) = y**2 - 6. Determine l(r).
-6
Let d(s) = -s**2 + 7*s + 27. Let z be -10*(-11 + 12 - 2). What is d(z)?
-3
Let j(r) be the third derivative of -r**4/4 + r**3/3 + 32*r**2. Suppose 4*q - 3*q = 5. Let s = 8 - q. Give j(s).
-16
Let l(n) = -n**3 - 9*n**2 + 11*n - 1. Let q be (0 + 10/6)*(-14 + 8). What is l(q)?
-11
Let n(b) = b**3 + 5*b**2 - 14*b + 3. Let f be n(-7). Let t(x) = -x**2 - 4 - 1 - f - 3*x + 5. What is t(-3)?
-3
Let n(l) = 5 + 6*l**2 - 9 + 6*l - 8*l**2. Let v = 15 + -15. Suppose v = -2*f + 4*f + 5*m + 17, 22 = 3*f - 2*m. Calculate n(f).
-12
Let x(h) = -17*h**2 + 82*h**2 - 23*h**2 - 19*h**2 - 24*h**2 + 10 + 7*h. What is x(7)?
10
Let y = -5 - -10. Let b(w) = 4*w - 36. Let d(q) = q - 7. Suppose -2*x + 0*k + 3*k + 19 = 0, -3*k = x - 14. Let o(p) = x*d(p) - 2*b(p). Give o(y).
10
Let m(n) = -22*n**3 + 2*n - 2. Let g(b) = 10*b - 189. Let f be g(19). Determine m(f).
-22
Suppose 3*r = -n + 14, -3*r - 16 - 25 = -4*n. Let t(w) = 0*w**2 + 0*w**2 - 7*w + n*w - w**2. What is t(3)?
3
Let b be 2/10 + 6/(-5). Let l(y) = -69*y + 29 - 30 + 62*y. Determine l(b).
6
Let m = 542 - 546. Let s(z) = -z**3 - 4*z**2 + 3*z + 2. Calculate s(m).
-10
Let v(l) = 0 + 1 - 2 + 2. Let k(m) = 3*m**2 - 3*m - 5. Let c(f) = k(f) + 4*v(f). Calculate c(-2).
17
Let t(y) = -y. Let m(i) = -i**3 - 2*i**2 + 2*i. Let d be m(-3). Let p(x) = x + 15. Let n be p(-7). Let c = d - n. What is t(c)?
5
Let u(q) = -2*q - 49. Let x be u(-22). Let y(f) = f**2 + 5*f + 4. Give y(x).
4
Let u(t) = -2*t**2 + 17 - 5*t**2 + 13*t**2 - 7*t**2 + 17*t. What is u(18)?
-1
Let n(d) = -d**2 + 2. Suppose 91 = -q + 2*s, 4*s + 43 = -q - 48. Let l be (-38)/(-14) + (-26)/q. Suppose -4*u = l*z - 7*z + 8, u + 2 = -5*z. Give n(u).
-2
Let y(c) = -21 + 45*c + 46*c - 90*c. Let r(o) = -2*o + 32. Let f(h) = -5*r(h) - 8*y(h). Calculate f(-6).
-4
Let w = 38 + -34. Let p(o) be the third derivative of 7*o**2 + 0 + 1/12*o**4 - 1/2*o**3 + 0*o. Give p(w).
5
Suppose -2*y + 86 = 4*w, y = w - 1 - 19. Let a = 418 + -416. Let u(v) = -w - 2*v**a + 10 + 9 + 5*v. Calculate u(3).
-5
Let h(z) = z - 8*z**3 - 6*z**2 - z**2 + 50 + 9*z**3 - 50. Determine h(7).
7
Let u be (-9)/(-6) + (-47)/2. Let v = 17 + u. Let k be (4/v)/(2/(-15)). Let y(i) = 2*i - 1. What is y(k)?
11
Let b(y) = -y**3 + y**2 - 4. Let u = 747 + -747. Determine b(u).
-4
Suppose 1 - 13 = p. Let i be 10/35 + p/(-7). Let m(s) = -i + 28*s - 2 - 23*s + 1 + s**2. Give m(-4).
-7
Let y(t) be the third derivative of -t**4/12 - t**3/2 + t**2 + 90. What is y(-9)?
15
Suppose 3*y = 4*r + 27, 35 = -r + 4*y + 12. Let f(d) = -d**3 + 4*d**2 + 2. Let m be f(4). Let c(k) = -3*k - 4 - m*k + 0. Calculate c(r).
11
Let t(m) = -m**3 - 10*m**2 - 6*m - 12. Suppose -3*w - 30 = 146*q - 141*q, -5*q = 4*w + 25. Give t(q).
-39
Let x(v) be the second derivative of -v**3/6 - v**2 + 96*v + 1. What is x(6)?
-8
Let n(g) be the third derivative of -g**5/12 + g**4/24 + g**3/6 - 2*g**2. Let c be 111/(-21) + 3 - (-10)/35. Calculate n(c).
-21
Suppose 2*j - f - 2 = 13, -24 = -2*j + 4*f. Let k(w) = -w**3 + 8*w**2 - 8*w + 9. What is k(j)?
33
Let w(r) = -29 + 7 - 6*r**2 + 3*r + 8 + 2*r**3 + 13*r**2 + 10. Give w(-2).
2
Suppose -d + 35 = 3*n + 4*d, -2*n = -d - 19. Let z be ((-8)/n)/(2/(-5)). Let t(o) = z + 3*o - 3 + 1 + 2*o**2 - o**3 - 2. Determine t(2).
4
Let a(w) = w**2 - 5*w + 5. Suppose s + 108 - 176 = 0. Let v = s + -63. Determine a(v).
5
Let r(o) be the third derivative of o**6/120 + o**5/5 + 5*o**4/12 - 3*o**3/2 - 5*o**2 + 4*o. What is r(-11)?
2
Let s(a) = a**2 - 48*a + 581. Let t be s(23). Let j(r) = r**3 - 5*r**2 - 6*r + 8. Give j(t).
8
Let o(i) = 5*i - 2. Let b = 144 + -125. Suppose 5 = 7*l + b. What is o(l)?
-12
Suppose -12*t = -70 + 10. Let a(w) be the second derivative of w**4/12 - 5*w**3/6 - 3*w**2/2 + w. Give a(t).
-3
Let r(x) be the third derivative of x**5/30 + x**4/4 - x**3/2 + 818*x**2. What is r(-5)?
17
Suppose q + 81 = 22. Let i = -52 - q. Let y(s) = -s + 4. Calculate y(i).
-3
Let f(m) = -2*m**2 - 3*m - 3. Let v be 4 + -7 + (-5 - -2). Let t be ((-4)/(2 - 0))/(v/(-9)). Calculate f(t).
-12
Let f(r) = -r**2 + 4. Let x(t) = t**2 - 11*t + 15. Let d be x(9). Let z be (-33)/11 - d*1. Calculate f(z).
4
Let l(o) = o**3 - 6*o**2 - 9*o - 7. Let s(v) = -2*v**3 + 12*v**2 + 18*v + 13. Let t(a) = -7*l(a) - 3*s(a). Let i = 4 + 3. Determine t(i).
24
Let j(f) be the third derivative of -f**4/12 - f**3/6 + 3*f**2. Suppose 5*n + 40 = q + q, 0 = 5*q + 4*n - 67. Let w = q - 19. What is j(w)?
7
Let l be -9 + 8 + 0 + 13. Suppose -5*n - l = -3*n. Let j(s) = s**2 - s. Let r(d) = 4*d**2 + d - 8. Let u(w) = 3*j(w) - r(w). Give u(n).
-4
Let q(c) = -c - 7. Suppose r - 113 = -124. Determine q(r).
4
Suppose 8*c = -899 + 955. Let f(a) be the third derivative of a**4/8 - 3*a**3/2 + 3*a**2. Calculate f(c).
12
Let q(r) be the first derivative of -r**3/3 + 5*r**2 - 5*r + 122. Give q(8).
11
Let n(q) be the second derivative of -q**5/20 - q**4/12 - q**3/6 + 15*q**2/2 - q. Let k be ((-13)/(-39))/(1/204). Let b be 8/k + 2/(-17). Determine n(b).
15
Let p(t) = -4*t**2 - 1. Suppose -91*v = -69*v - 22. Determine p(v).
-5
Let d = -11 - -22. Suppose 3*v + 2*f + 38 = -v, -2*v + d = -5*f. Let l(x) = -x. Let i be l(v). Let m(n) = -n + 5. What is m(i)?
-2
Let t(q) = q**2 + 5*q + 6. Let a = -215 - -211. Give t(a).
2
Let x(s) = -s**3 + 28*s**2 + 30*s - 24. Let a be x(29). Let v(z) = z**2 - 6*z - 5. What is v(a)?
-10
Let g be (-9)/(-15) + 34/10. Let r(z) = 12 - 18 + 4 + g*z + z. Give r(2).
8
Let p(l) be the second derivative of l**3/3 - 7*l**2/2 + 19*l - 6. Let x(r) = 2*r**2 - 2. Let k be x(-2). What is p(k)?
5
Let l be (-8)/(-18)*3*(-27)/6. Let r(x) = 5*x + 5. Let j(p) = -1. Let f(t) = -j(t) + r(t). Calculate f(l).
-24
Let g(s) = 11*s - 2 - 4 + 7 - 4. What is g(2)?
19
Suppose 2*j = 33 + 33. Let m = j + -32. Let w(s) = -11*s. What is w(m)?
-11
Let z(c) be the first derivative of -c**3/6 + 5*c**2 - 17*c - 19. Let f(w) be the first derivative of z(w). Determine f(-7).
17
Let u = 187 + -182. Let k(j) = j**2 - j + 3. Determine k(u).
23
Suppose 3*g - 3 = 3*v, -v - 4 = -5. Let r(m) = -m**3 - 1 - 6*m + 3*m - 3*m**g + 2*m**2. Let o = -7 - -5. Give r(o).
9
Let i(g) be the second derivative of g**4/3 + g**3/2 - g**2 + 50*g. Calculate i(1).
5
Let l(v) = 15*v - 38. Let d be l(2). Let m(c) = -c**3 - 7*c**2 + 8*c - 6. Determine m(d).
-6
Suppose -4*w + 191 = x, -3*w + 190 = 3*x + 49. Let k be 4/(-10) + w/(-30). Let a = k - -3. Let y(q) = 7*q - 1. Calculate y(a).
6
Let a be 6/(-12)*(-5 - -15). Let w(o) = 2*o**2 + 8*o + 6. Give w(a).
16
Let z(f) = 2 - f - 7*f + 5*f + f. Let r be (-4)/3 + (-95)/(-15). What is z(r)?
-8
Suppose -8*o = -7*o. Suppose -5*b = -4*l - 13, 3*b - 4*l - 11 = -o. Let y(a) = -2 + 1 + 0 + a. Determine y(b).
0
Suppose -5*f + 15 = -125. Suppose -3*l - 4 - 28 = -5*n, 3*l = 4*n - f. Let c(k) = -5 + 5*k - 2*k + 10 - n*k. Determine c(5).
0
Suppos